{"id":78,"date":"2016-08-10T16:25:23","date_gmt":"2016-08-10T15:25:23","guid":{"rendered":"http:\/\/logement-numerique.fr\/?page_id=78"},"modified":"2025-06-24T09:11:14","modified_gmt":"2025-06-24T08:11:14","slug":"vectorisation","status":"publish","type":"page","link":"https:\/\/www.logement-numerique.fr\/index.php\/vectorisation\/","title":{"rendered":"Mod\u00e9lisation de patrimoine"},"content":{"rendered":"<p><img decoding=\"async\" loading=\"lazy\" class=\"size-medium wp-image-67 aligncenter\" src=\"http:\/\/logement-numerique.fr\/wp-content\/uploads\/2016\/08\/iStock_000038690554_XXXLarge-300x213.jpg\" alt=\"Shot of an architects hands examining blueprints and using a digital tablet\" width=\"300\" height=\"213\" srcset=\"https:\/\/www.logement-numerique.fr\/wp-content\/uploads\/2016\/08\/iStock_000038690554_XXXLarge-300x213.jpg 300w, https:\/\/www.logement-numerique.fr\/wp-content\/uploads\/2016\/08\/iStock_000038690554_XXXLarge-768x545.jpg 768w, https:\/\/www.logement-numerique.fr\/wp-content\/uploads\/2016\/08\/iStock_000038690554_XXXLarge-1024x726.jpg 1024w, https:\/\/www.logement-numerique.fr\/wp-content\/uploads\/2016\/08\/iStock_000038690554_XXXLarge-350x250.jpg 350w, https:\/\/www.logement-numerique.fr\/wp-content\/uploads\/2016\/08\/iStock_000038690554_XXXLarge-750x532.jpg 750w, https:\/\/www.logement-numerique.fr\/wp-content\/uploads\/2016\/08\/iStock_000038690554_XXXLarge-400x284.jpg 400w, https:\/\/www.logement-numerique.fr\/wp-content\/uploads\/2016\/08\/iStock_000038690554_XXXLarge-430x305.jpg 430w, https:\/\/www.logement-numerique.fr\/wp-content\/uploads\/2016\/08\/iStock_000038690554_XXXLarge-150x106.jpg 150w, https:\/\/www.logement-numerique.fr\/wp-content\/uploads\/2016\/08\/iStock_000038690554_XXXLarge-100x71.jpg 100w\" sizes=\"(max-width: 300px) 100vw, 300px\" \/><\/p>\n<p style=\"text-align: justify;\"><strong>Le Bureau d&rsquo;Etude Num\u00e9rique<\/strong> produit \u00e0 partir d&rsquo;un dossier patrimoine ou d&rsquo;un nuage de points des maquettes dans diff\u00e9rents formats (Revit, Autocad, Abyla, IFC).<\/p>\n<p style=\"text-align: center;\"><a href=\"http:\/\/logement-numerique.fr\/index.php\/releves-sur-site\/\">&lt; Relev\u00e9s sur site<\/a>\u00a0&#8211;\u00a0<a href=\"http:\/\/logement-numerique.fr\/index.php\/fiabilisation-des-donnees-patrimoniales\/\">Fiabilisation des donn\u00e9es patrimoniales &gt;<\/a><\/p>\n","protected":false},"excerpt":{"rendered":"<p>Le Bureau d&rsquo;Etude Num\u00e9rique produit \u00e0 partir d&rsquo;un dossier patrimoine ou d&rsquo;un nuage de points des maquettes dans diff\u00e9rents formats (Revit, Autocad, Abyla, IFC). &lt; Relev\u00e9s sur site\u00a0&#8211;\u00a0Fiabilisation des donn\u00e9es [&hellip;]<\/p>\n","protected":false},"author":1,"featured_media":0,"parent":0,"menu_order":0,"comment_status":"closed","ping_status":"closed","template":"","meta":{"jetpack_post_was_ever_published":false},"jetpack_sharing_enabled":true,"jetpack_shortlink":"https:\/\/wp.me\/P8P7Mt-1g","_links":{"self":[{"href":"https:\/\/www.logement-numerique.fr\/index.php\/wp-json\/wp\/v2\/pages\/78"}],"collection":[{"href":"https:\/\/www.logement-numerique.fr\/index.php\/wp-json\/wp\/v2\/pages"}],"about":[{"href":"https:\/\/www.logement-numerique.fr\/index.php\/wp-json\/wp\/v2\/types\/page"}],"author":[{"embeddable":true,"href":"https:\/\/www.logement-numerique.fr\/index.php\/wp-json\/wp\/v2\/users\/1"}],"replies":[{"embeddable":true,"href":"https:\/\/www.logement-numerique.fr\/index.php\/wp-json\/wp\/v2\/comments?post=78"}],"version-history":[{"count":15,"href":"https:\/\/www.logement-numerique.fr\/index.php\/wp-json\/wp\/v2\/pages\/78\/revisions"}],"predecessor-version":[{"id":1033,"href":"https:\/\/www.logement-numerique.fr\/index.php\/wp-json\/wp\/v2\/pages\/78\/revisions\/1033"}],"wp:attachment":[{"href":"https:\/\/www.logement-numerique.fr\/index.php\/wp-json\/wp\/v2\/media?parent=78"}],"curies":[{"name":"wp","href":"https:\/\/api.w.org\/{rel}","templated":true}]}}