{"id":53,"date":"2016-08-10T15:57:57","date_gmt":"2016-08-10T14:57:57","guid":{"rendered":"http:\/\/logement-numerique.fr\/?page_id=53"},"modified":"2016-08-18T09:14:37","modified_gmt":"2016-08-18T08:14:37","slug":"offre-de-services","status":"publish","type":"page","link":"https:\/\/www.logement-numerique.fr\/index.php\/offre-de-services\/","title":{"rendered":"Offre de services"},"content":{"rendered":"<p><a href=\"http:\/\/logement-numerique.fr\/index.php\/management-de-projet\/\">Management de Projet<\/a><\/p>\n<p><a href=\"http:\/\/logement-numerique.fr\/index.php\/expertise-metier\/\">Expertises techniques et m\u00e9tier<\/a><\/p>\n<p><a href=\"http:\/\/logement-numerique.fr\/index.php\/constitution-et-controle\/\">Constitution et Contr\u00f4les<\/a><\/p>\n<p><a href=\"http:\/\/logement-numerique.fr\/index.php\/releves-sur-site\/\">Relev\u00e9s sur site<\/a><\/p>\n<p><a href=\"http:\/\/logement-numerique.fr\/index.php\/vectorisation\/\">Vectorisation<\/a><\/p>\n<p><a href=\"http:\/\/logement-numerique.fr\/index.php\/fiabilisation-des-donnees-patrimoniales\/\">Fiabilisation des donn\u00e9es patrimoniales<\/a><\/p>\n<p><a href=\"http:\/\/logement-numerique.fr\/index.php\/diagnostics-techniques\/\">Diagnostics techniques<\/a><\/p>\n<p><a href=\"http:\/\/logement-numerique.fr\/index.php\/maquette-numerique\/\">Maquette num\u00e9rique &#8211; BIM<\/a><\/p>\n<p><a href=\"http:\/\/logement-numerique.fr\/index.php\/realite-virtuelle\/\">R\u00e9alit\u00e9 virtuelle<\/a><\/p>\n<p>&nbsp;<\/p>\n","protected":false},"excerpt":{"rendered":"<p>Management de Projet Expertises techniques et m\u00e9tier Constitution et Contr\u00f4les Relev\u00e9s sur site Vectorisation Fiabilisation des donn\u00e9es patrimoniales Diagnostics techniques Maquette num\u00e9rique &#8211; BIM R\u00e9alit\u00e9 virtuelle &nbsp;<\/p>\n","protected":false},"author":1,"featured_media":0,"parent":0,"menu_order":0,"comment_status":"closed","ping_status":"closed","template":"","meta":{"jetpack_post_was_ever_published":false},"jetpack_sharing_enabled":true,"jetpack_shortlink":"https:\/\/wp.me\/P8P7Mt-R","_links":{"self":[{"href":"https:\/\/www.logement-numerique.fr\/index.php\/wp-json\/wp\/v2\/pages\/53"}],"collection":[{"href":"https:\/\/www.logement-numerique.fr\/index.php\/wp-json\/wp\/v2\/pages"}],"about":[{"href":"https:\/\/www.logement-numerique.fr\/index.php\/wp-json\/wp\/v2\/types\/page"}],"author":[{"embeddable":true,"href":"https:\/\/www.logement-numerique.fr\/index.php\/wp-json\/wp\/v2\/users\/1"}],"replies":[{"embeddable":true,"href":"https:\/\/www.logement-numerique.fr\/index.php\/wp-json\/wp\/v2\/comments?post=53"}],"version-history":[{"count":6,"href":"https:\/\/www.logement-numerique.fr\/index.php\/wp-json\/wp\/v2\/pages\/53\/revisions"}],"predecessor-version":[{"id":232,"href":"https:\/\/www.logement-numerique.fr\/index.php\/wp-json\/wp\/v2\/pages\/53\/revisions\/232"}],"wp:attachment":[{"href":"https:\/\/www.logement-numerique.fr\/index.php\/wp-json\/wp\/v2\/media?parent=53"}],"curies":[{"name":"wp","href":"https:\/\/api.w.org\/{rel}","templated":true}]}}