{"id":35,"date":"2016-08-10T14:42:49","date_gmt":"2016-08-10T13:42:49","guid":{"rendered":"http:\/\/logement-numerique.fr\/?page_id=35"},"modified":"2023-07-24T09:30:17","modified_gmt":"2023-07-24T08:30:17","slug":"groupement","status":"publish","type":"page","link":"https:\/\/www.logement-numerique.fr\/index.php\/groupement\/","title":{"rendered":"Qui sommes-nous"},"content":{"rendered":"<p><span style=\"color: #3366ff;\"><strong>Notre Soci\u00e9t\u00e9,<\/strong><\/span><\/p>\n<p>Le <strong>Logement Num\u00e9rique, <\/strong>filiale du<strong> Groupe LN au capital de 400 K\u20ac, est expert en AMO BIM Gestion, Exploitation, Maintenance pour le secteur de l\u2019Immobilier Social M\u00e9tropolitain et Ultra-marin. <\/strong><\/p>\n<p><strong>La palette de services du Logement Num\u00e9rique <\/strong>est\u00a0 l&rsquo;une des plus riche du march\u00e9 :<\/p>\n<ul>\n<li>AMO dans le choix et la mise en oeuvre de solutions BIM Gestion Exploitation Maintenance pour le secteur de l\u2019Immobilier Social<\/li>\n<li>Acquisition des donn\u00e9es techniques et bimisation de patrimoine<\/li>\n<li>Bureau de contr\u00f4le qualit\u00e9 des donn\u00e9es bimis\u00e9es<\/li>\n<li>Mise en oeuvre de Syst\u00e8mes d\u2019Information D\u00e9cisionnels (indicateurs de gestion, PSP) et G\u00e9ographiques (foncier, aides \u00e0 la construction)<\/li>\n<\/ul>\n<p><strong style=\"font-size: inherit;\">Le Logement Num\u00e9rique, <\/strong><strong style=\"font-size: inherit;\">\u00a0<\/strong><span style=\"font-size: inherit;\">est une soci\u00e9t\u00e9 p\u00e9renne, qui a r\u00e9alis\u00e9e en 2019 un <strong>CA sup\u00e9rieur \u00e0 1,6 M\u20ac<\/strong>.<\/span><\/p>\n<p>Une \u00e9quipe stable de <strong>16 collaborateurs (juin 2020) experts en AMO BIM GEM, SIG<\/strong>, <strong>SID, Ing\u00e9nierie de la donn\u00e9e pour la bimisation du patrimoine, Bureau d\u2019Etude Num\u00e9rique.<\/strong><\/p>\n<p>Une m\u00e9thodologie de travail \u00e9labor\u00e9e, pragmatique et humaine, <strong><u>en toute ind\u00e9pendance des \u00e9diteurs du march\u00e9, afin de garantir notre objectivit\u00e9 totale<\/u><\/strong>, et ainsi se focaliser pleinement sur les attentes strat\u00e9giques et m\u00e9tiers de nos clients.<\/p>\n<p>Plus de <strong>50 projets r\u00e9ussis (BIM GEM, CQ, SID, SIG),<\/strong> ce qui repr\u00e9sente \u00e0 ce jour l\u2019accompagnement de plus de <strong>2\u00a0500 collaborateurs,<\/strong>\u00a0<strong>la bimisation d\u2019environ 750\u00a0000 logements<\/strong> <strong>soit l\u2019\u00e9quivalent de 75 millions de M2 :<\/strong><\/p>\n<ul>\n<li>ICF Habitat Atlantique<\/li>\n<li>ICF Habitat NOVEDIS<\/li>\n<li>ICF Habitat AMO BIM GEM<\/li>\n<li>CDC Habitat Social (12 ESH + 5 \u00e9tablissements PLI + Sainte Barbe + Osica + Efidis)<\/li>\n<li>Soci\u00e9t\u00e9 d\u2019Economie Mixte de la Guadeloupe (SEMAG)<\/li>\n<li>Soci\u00e9t\u00e9 Immobili\u00e8re de Cal\u00e9donie (SIC)<\/li>\n<li>Groupe Gambetta Immobilier<\/li>\n<li>SEMSAMAR Guyane, Saint-Martin, Martinique<\/li>\n<li>C\u00f4tes d\u2019Armor Habitat<\/li>\n<li>Finist\u00e8re Habitat<\/li>\n<li>Loir et Cher Logement<\/li>\n<li>OPH de Thionville<\/li>\n<li>Immobili\u00e8re 3F<\/li>\n<li>Lille M\u00e9tropole Habitat<\/li>\n<li>Maisons et Cit\u00e9s \u2013 SOGINORPA<\/li>\n<li>Groupe Citya Immobilier<\/li>\n<li>Pas de Calais Habitat<\/li>\n<li>1001vies Habitat<\/li>\n<li>Habitat de Haute Alsace<\/li>\n<li>L\u00e9man Habitat, SA du Mont-Blanc, Cristal Habitat<\/li>\n<li>UNITER<\/li>\n<li>SMHLM<\/li>\n<li>La Nantaise d&rsquo;Habitations<\/li>\n<li>&#8230;<\/li>\n<\/ul>\n<p><span style=\"color: #3366ff;\"><strong>Pour \u00eatre au plus proche de nos clients, nous disposons de 3 implantations g\u00e9ographiques :<\/strong><\/span><\/p>\n<ul>\n<li><strong>\u00a0<\/strong><strong>CARQUEFOU (44)<\/strong><strong>, <\/strong>Si\u00e8ge\u00a0: 1 Avenue du P. Jean ROUXEL \u2013 44481 CARQUEFOU CEDEX<\/li>\n<li><strong>LE MARIN (972), <\/strong>bureau Antilles\u00a0: Marina du Marin \u2013 Bassin Tortues \u2013 97290 LE MARIN<\/li>\n<li><strong>LATTES<\/strong>, 909 Av. des Platanes, 34970 LATTES<\/li>\n<\/ul>\n<p><strong style=\"color: #3366ff; font-size: inherit;\">\u00a0<\/strong><strong style=\"color: #3366ff; font-size: inherit;\">Nos savoir-faire :<\/strong><\/p>\n<ul>\n<li><strong>\u00a0<\/strong>AMO et Conseil BIM GEM (transition num\u00e9rique pour le logement social)<\/li>\n<li>Expertises techniques et m\u00e9tiers pour les solutions Abyla\u00a9, Active3D\u00a9, EAM\u00a9, Matterport &#8230;<\/li>\n<li>Audit, r\u00e9organisation, fusion, migration de base de donn\u00e9es graphiques et alphanum\u00e9riques du patrimoine<\/li>\n<li>Formation, assistance au changement BIM GEM (Gestion, Exploitation, Maintenance)<\/li>\n<li>Ing\u00e9nierie de la donn\u00e9e patrimoine (collecte de l\u2019information, constitution des dossiers patrimoine, Helpline constitution, relev\u00e9s sur site, \u00e9tude de migration, vectorisation du patrimoine dans diff\u00e9rents formats, contr\u00f4le qualit\u00e9 vectorisation \u2026)<\/li>\n<li>Data Management des informations techniques du patrimoine<\/li>\n<li>Visites virtuelles &amp; r\u00e9alit\u00e9 virtuelle augment\u00e9e<\/li>\n<li>Tierce Maintenance Applicative SIGTP<\/li>\n<li>Syst\u00e8me d\u2019Information D\u00e9cisionnel (BIBOARD, My report, Cognos, &#8230;) pour le pilotage de la performance, en lien avec les ERP m\u00e9tiers du secteur ( Cassiopae Habitat\u00a9, Prem\u2019 Habitat\u00a9, Ulis\u00a9, Abyla\u00a9, Gesprojet\u00a9, \u2026)<\/li>\n<li>Syst\u00e8me d\u2019Information G\u00e9ographique (QGIS, ArcGIS) pour la gestion du foncier, du PSP, et l\u2019aide \u00e0 la d\u00e9cision<\/li>\n<\/ul>\n<p><a style=\"font-size: inherit;\" href=\"https:\/\/logement-numerique.fr\/wp-content\/uploads\/2019\/12\/Pr\u00e9sentation-soci\u00e9t\u00e9-web.pdf\"><span style=\"color: #99ccff;\">Plaquette<\/span><\/a><\/p>\n","protected":false},"excerpt":{"rendered":"<p>Notre Soci\u00e9t\u00e9, Le Logement Num\u00e9rique, filiale du Groupe LN au capital de 400 K\u20ac, est expert en AMO BIM Gestion, Exploitation, Maintenance pour le secteur de l\u2019Immobilier Social M\u00e9tropolitain et [&hellip;]<\/p>\n","protected":false},"author":1,"featured_media":0,"parent":0,"menu_order":0,"comment_status":"closed","ping_status":"closed","template":"","meta":{"jetpack_post_was_ever_published":false},"jetpack_sharing_enabled":true,"jetpack_shortlink":"https:\/\/wp.me\/P8P7Mt-z","_links":{"self":[{"href":"https:\/\/www.logement-numerique.fr\/index.php\/wp-json\/wp\/v2\/pages\/35"}],"collection":[{"href":"https:\/\/www.logement-numerique.fr\/index.php\/wp-json\/wp\/v2\/pages"}],"about":[{"href":"https:\/\/www.logement-numerique.fr\/index.php\/wp-json\/wp\/v2\/types\/page"}],"author":[{"embeddable":true,"href":"https:\/\/www.logement-numerique.fr\/index.php\/wp-json\/wp\/v2\/users\/1"}],"replies":[{"embeddable":true,"href":"https:\/\/www.logement-numerique.fr\/index.php\/wp-json\/wp\/v2\/comments?post=35"}],"version-history":[{"count":71,"href":"https:\/\/www.logement-numerique.fr\/index.php\/wp-json\/wp\/v2\/pages\/35\/revisions"}],"predecessor-version":[{"id":1000,"href":"https:\/\/www.logement-numerique.fr\/index.php\/wp-json\/wp\/v2\/pages\/35\/revisions\/1000"}],"wp:attachment":[{"href":"https:\/\/www.logement-numerique.fr\/index.php\/wp-json\/wp\/v2\/media?parent=35"}],"curies":[{"name":"wp","href":"https:\/\/api.w.org\/{rel}","templated":true}]}}